**2 - 69*b**3 + 3*b**2 + 1. Determine k(m).
-11
Let i(l) be the third derivative of 0*l + 1/8*l**4 + 1/3*l**3 + 0 + 1/15*l**5 - 3*l**2 - 1/120*l**6. Calculate i(5).
-8
Let w(a) be the third derivative of a**6/120 - a**5/30 - a**4/24 + a**3/3 + 25*a**2. Calculate w(2).
0
Let x be ((-2)/4)/(2/(-12)). Suppose x*o - 8 = -o. Let q(k) = 0*k**3 + k**3 + 2*k**o - 3*k**2. Determine q(-1).
-2
Let i(u) = -u + 11. Let w(c) = 3*c**2 + 2*c - 3. Let x be w(2). Determine i(x).
-2
Let i(v) = -4*v**2 - 4*v + 2. Let k(j) = j**2 - j - 1. Let y(f) = i(f) + 5*k(f). Let s be y(9). Let g(q) = q**3 - 2*q**3 - 1 - 2*q**2 + q + 2*q. Determine g(s).
-1
Suppose -2*t = 2*t - 16. Let k(z) = -z**3 - 7 + t*z - 4*z. Let s = 23 - 23. Determine k(s).
-7
Let u(q) = -q - 1. Suppose 2*g + 3 = 5*w, -5*g + 2 = -3*g. Give u(w).
-2
Let m(c) = 0*c**3 + c**2 + 2*c**3 - c**3. Let k = 3 + 3. Let l(a) = -5*a**3 - 2*a**2 + 2*a + 4. Let n(p) = k*m(p) + l(p). What is n(-4)?
-4
Suppose 22*l = 19*l. Let r(i) = 3 + 4 - 2*i + i. Calculate r(l).
7
Let t(u) = 3*u**2 + 14*u - 11. Let q(d) = -5*d**2 - 21*d + 17. Let l(s) = 5*q(s) + 8*t(s). What is l(6)?
3
Let u(s) = -6*s - 6. Suppose 19*n - 15*n + 16 = 0. Give u(n).
18
Let x(g) = -g**2 - 4*g - 2. Suppose 2*a + o = 2, -5*o + 3 + 7 = 0. Suppose -12 = -a*w + 4*w. Calculate x(w).
1
Suppose 2*g + 9 = 5*q + 5*g, 3*g = -6. Let j(w) = -w**2 + 4*w + 1. Determine j(q).
4
Let g(h) = h**2 + 5*h + 6. Let j = -13 + 9. Give g(j).
2
Let h(n) = -9 - 3 + 13 - n. What is h(4)?
-3
Let s(d) = d**3 + d + 1. Let h(a) = 6*a**3 - 2*a**2 + 5*a + 3. Let x(i) = -h(i) + 5*s(i). Suppose 3*b - 2*b = 2. Give x(b).
2
Let o(f) be the third derivative of f**5/60 + f**4/6 + f**3 + 2*f**2. Let d be (0 + 1)/(3/15). Suppose -d*s + 7 = 27. Determine o(s).
6
Let i = 1 - -1. Suppose 3*s - 2*y = -1 - 3, 14 = i*s + 2*y. Suppose j = 2*b - 3*b - 10, 0 = s*b - 4*j - 10. Let q(z) = z**2 + 5*z + 1. What is q(b)?
1
Suppose 0 = 4*a + a + 5*j - 15, 4 = -2*j. Let i(z) = z**3 - 4*z**2 - 6*z + 4. What is i(a)?
-1
Let g(u) = -u**3 + u**2 - u + 2. Suppose -3*c = -5*x + 25, 2*x + 0 = -2*c - 6. Let z = 0 + x. Calculate g(z).
-4
Let m(d) be the third derivative of -d**6/120 - d**5/15 - d**4/12 + d**3/6 + d**2. Suppose 3*g + 16 = -5*v, 2*v + 4 = 3*g - 3*v. Give m(g).
-3
Suppose 5*c = -15*u + 11*u + 6, 0 = -3*u - 2*c + 8. Let j(z) = z**2 - z. Let n(l) = 3*l**2 - 6*l + 2. Let r(q) = 2*j(q) - n(q). Calculate r(u).
-2
Let a(m) = -2*m**3 - 2*m + 3. Let s(v) = -4*v**2 - 24*v + 2. Let p be s(-6). Give a(p).
-17
Let s(k) = -k + 7. Let v be s(8). Let p be v + (4 + -3)/(-1). Let d(f) = -4*f - 2. Give d(p).
6
Let x(s) = s - 4. Let y be x(6). Suppose 0*l = 3*l - 2*u + 19, -y*l - 20 = -5*u. Let z(i) = -i**2 - 8*i - 4. What is z(l)?
11
Let r = -30 + 18. Let j be 38/(-5) - (-2)/(-5). Let p = j - r. Let b(y) = 2*y + 1. What is b(p)?
9
Let c(m) be the first derivative of -3*m - 5 + 1/2*m**2. Calculate c(6).
3
Let r(q) = -3*q. Let n be (-42)/(-56) + 11/(-4). What is r(n)?
6
Let v(s) = s + 1. Let u = 2 + -1. Let j = u + -4. Determine v(j).
-2
Let j(i) = -i + 7. Let l be j(10). Let p(u) = -u**3 - 4*u**2 + 2*u + 3. Calculate p(l).
-12
Let r(x) = x**3 - 2*x**2 + 4*x - 3. Let l be r(1). Let s(h) = h**3 - h**2 - 5. Determine s(l).
-5
Let w(c) = -3*c + 0*c + 6 - 3*c + 7*c. Calculate w(0).
6
Let p = 14 + -10. Let g be 3*(-1 - (-4 - -2)). Let v(n) = n**3 - 3*n - n**g + n**3 - 3*n**2. Calculate v(p).
4
Let s(a) be the third derivative of -a**7/2520 - a**6/720 - a**5/20 + 5*a**4/24 - 8*a**2. Let v(q) be the second derivative of s(q). Determine v(0).
-6
Let m(w) be the second derivative of w**6/120 - w**5/30 - w**4/24 + w**3/3 - w**2/2 - 2*w. Let s(u) be the first derivative of m(u). What is s(-2)?
-12
Let b(h) be the third derivative of h**4/24 - h**3/3 - 10*h**2. Calculate b(-4).
-6
Suppose 2*i - 2*u - 10 = 0, 0 = 4*i - 3*u + 5*u - 8. Let t(r) be the third derivative of r**2 + 1/6*r**i + 0 + 0*r + 1/24*r**4. Calculate t(1).
2
Suppose -2 = 3*s - 4*s. Let u(z) be the second derivative of -z**3/6 + z**2/2 - 3*z. Give u(s).
-1
Let k(f) = f**2 - 6*f + 6. Let r be k(4). Let x be 3/(3/4) - (11 - 11). Let z be ((-3)/2)/(r/x). Let w(s) = s**3 - 2*s**2 - 4*s - 1. Give w(z).
-4
Let c(j) = -j**3 - 4*j**2 + 4*j - 1. Let n be c(-5). Let w(g) = 4*g - 5. Give w(n).
11
Let o(y) = y**2 + 4*y + 2. Let t be o(-4). Let p be (-7 + -1)*t/(-4). Let k(h) be the first derivative of -h**4/4 + h**3 + 3*h**2/2 + 5*h + 1. Calculate k(p).
1
Let d(i) = -i**2 - i + 2. Let u be d(0). Suppose 3*m - m = -u. Let s(c) = -5*c**2 - 2*c - 1. Give s(m).
-4
Suppose -s = 3*c - 66, -3*c - 4*s + 66 = s. Let z = c + -16. Let h(q) = q**2 - 4*q - 6. Calculate h(z).
6
Let t(o) be the second derivative of -1/20*o**5 - o**3 + 3*o**2 - 7/12*o**4 + 0 + 2*o. Let f = 2 + -8. What is t(f)?
6
Let m(a) = -a**2 + 7*a - 4. Let c be 2/(-13) + 324/78. What is m(c)?
8
Let x(k) = 7*k - 1 + 6*k - 10*k. Give x(-2).
-7
Let l(u) = 10*u. Suppose 4*a + 31 = -i, 3*a - 2*i + 3*i + 23 = 0. Let c = -7 - a. Determine l(c).
10
Let c = -13 - -18. Let m(l) = -2*l + 1. Let y(o) = o - 1. Let n(r) = c*y(r) + 5*m(r). Calculate n(-1).
5
Let x(b) be the first derivative of -5*b**2 - 1. Calculate x(1).
-10
Suppose d = -0*d + 6. Suppose 2*r = 5*r - d. Let p(x) = 2*x**2 + 4*x**r - 2*x**2. Determine p(-1).
4
Let s(j) be the first derivative of -11*j**2/2 - j + 16. What is s(1)?
-12
Let d(c) = 10*c**2 - 20*c**2 - 8*c**2. Determine d(-1).
-18
Let k be 1/(1/(-2) + 1). Let v = k + -1. Let u(n) be the third derivative of n**4/4 + n**2. Determine u(v).
6
Let a(u) = -u + 6*u + 4*u**2 - 2*u**2. What is a(-4)?
12
Let l = 39 + -25. Suppose -4*v + l = g, g + 2*v - 2 = 3*g. Let s(d) = -9*d + 3*d - g*d. Give s(1).
-8
Let n(v) be the second derivative of -2*v**2 + 4*v + 0 - 1/6*v**3. Let q be n(-4). Let l(i) = i**3 - 6. Give l(q).
-6
Let h(z) = 0*z - z + z**3 + 2 + 2. Let b(q) = -q + 13. Let t be b(13). Give h(t).
4
Let h(j) = -j**2 + 2*j - 3. Suppose -4*d = -5*a, 0*d + 3*d - 2*a - 7 = 0. Suppose d*n + g = 28, 4*g + 20 = n + n. Let y = n - 3. Give h(y).
-6
Let a(m) be the first derivative of -m**2/2 - m + 1. Suppose -1 + 3 = -2*v. Let r be v*(-1 - -1) + 1. What is a(r)?
-2
Suppose -1 - 1 = -2*b. Let k be (b/(-3))/((-7)/84). Let i = k - -2. Let m(h) = -h + 5. Give m(i).
-1
Suppose 2*l - 12 = -2*f, 2*f - f = 2*l - 3. Let c(d) = -d**2 - d + 3. Determine c(f).
-9
Let w(r) = r**2 - 1 - 3 + 5*r + 0*r**2 + 9. Suppose 6 + 14 = 5*c. Suppose -c*o + 0*o = 20. Give w(o).
5
Let r(d) = -2*d**3 - 3*d**2 - 8*d + 9. Let b(h) = h**3 + 2*h**2 + 3*h - 4. Let t(j) = 5*b(j) + 2*r(j). Calculate t(-4).
2
Suppose 0 = 2*m - 6*m - 2*q + 16, 0 = -m + 3*q - 3. Let c(y) = 3*y - 3. Determine c(m).
6
Let h = 9 - 12. Let o = h - -8. Let n(c) = c**3 - 4 + 2*c**2 + 6 - o*c**2 + 0*c**3. What is n(3)?
2
Suppose 3*k + 52 = 7*k. Suppose 3*j = -j + 32. Let q = k - j. Let g(h) = -h**3 + 5*h**2 - h - 2. Give g(q).
-7
Let j(p) = -5 - p**2 + 369*p - 5*p**2 - 376*p + p**3. Give j(7).
-5
Suppose 2*y = -6 - 0. Let l be 2 + (-1)/y*0. Let a(f) = f**3 + 0*f**2 - 3*f**2 + 2*f**2. Give a(l).
4
Let a(n) be the second derivative of 1/6*n**3 + 2*n**2 - 1/20*n**5 + 5/12*n**4 + 8*n + 0. Determine a(5).
9
Let x(t) = t**3 + 4*t - 3*t**2 - t - 2 - 2*t**3. Suppose -s + 4*u - 8 = 0, 0 = 4*s - 5*u + 16 + 5. Determine x(s).
2
Suppose 0 = -0*t - 4*t + 8. Let u = 4 - t. Let p(n) be the first derivative of -n**3/3 + 1. Determine p(u).
-4
Suppose t + 56 = -7*t. Let x(g) = g**2 + 9*g + 7. Give x(t).
-7
Let c(h) = 7*h - h**3 + 19*h**2 - 1 - 18*h**2 - 5*h. Suppose -4*m + 3*y = -1 - 19, -5*m + 22 = -3*y. Give c(m).
-1
Let s(f) = f**3 + 5*f**2 + 3. Let m be s(-5). Suppose -m = -4*g + 1. Let y(z) be the second derivative of 7*z**4/12 + z**2/2 - z. Determine y(g).
8
Let u(h) = -h + 1. Let c be u(-1). Let j(q) = 0*q + 4 + c*q - q. Let p(y) = -y**3 - y. Let x be p(0). Calculate j(x).
4
Let r(w) = w**3 + 3*w**2 + 1. Let x be r(-3). Let f(u) = -2*u - u**2 - 3*u**3 - u**2 + 4*u - 1. Calculate f(x).
-4
Let g(y) = 6*y**2 + 5*y - 2. Let s(l) = -l**2. Suppose -33 = -z + 4*z. Let v = -12 - z. Let k(t) = v*g(t) - 5*s(t). Determine k(-4).
6
Let c(v) = v**2 - 9*v + 3. Let j be c(9). Let h(l) = -l - 7 + l + l. Determine h(j).
-4
Let j(g) be the second derivative of 2/3*g**3 + 4*g + 1/2*g**2 + 0. Determine j(1).
5
Let d(v)